hat is the remainder when 3110 is divided by 51?
50
What is the remainder when 31 is divided by 25?
6
Calculate the remainder when 2963 is divided by 110.
103
Calculate the remainder when 97 is divided by 29.
10
Calculate the remainder when 360 is divided by 14.
10
What is the remainder when 159 is divided by 83?
76
What is the remainder when 474 is divided by 24?
18
Calculate the remainder when 777 is divided by 164.
121
What is the remainder when 51 is divided by 45?
6
Calculate the remainder when 75 is divided by 32.
11
Calculate the remainder when 258 is divided by 41.
12
What is the remainder when 68 is divided by 3?
2
What is the remainder when 111 is divided by 58?
53
Calculate the remainder when 468 is divided by 291.
177
What is the remainder when 944 is divided by 60?
44
What is the remainder when 1433 is divided by 54?
29
What is the remainder when 4454 is divided by 553?
30
Calculate the remainder when 350 is divided by 18.
8
Calculate the remainder when 126 is divided by 80.
46
What is the remainder when 500 is divided by 100?
0
What is the remainder when 1069 is divided by 10?
9
What is the remainder when 223 is divided by 79?
65
Calculate the remainder when 1461 is divided by 14.
5
What is the remainder when 195 is divided by 40?
35
What is the remainder when 579 is divided by 58?
57
What is the remainder when 286 is divided by 17?
14
Calculate the remainder when 638 is divided by 9.
8
Calculate the remainder when 115 is divided by 62.
53
Calculate the remainder when 6369 is divided by 54.
51
Calculate the remainder when 735 is divided by 6.
3
What is the remainder when 6228 is divided by 201?
198
Calculate the remainder when 603 is divided by 36.
27
Calculate the remainder when 63 is divided by 6.
3
Calculate the remainder when 9454 is divided by 24.
22
What is the remainder when 503 is divided by 30?
23
Calculate the remainder when 879 is divided by 39.
21
What is the remainder when 18 is divided by 13?
5
Calculate the remainder when 308 is divided by 5.
3
What is the remainder when 98 is divided by 12?
2
Calculate the remainder when 16374 is divided by 159.
156
Calculate the remainder when 1945 is divided by 278.
277
Calculate the remainder when 138 is divided by 21.
12
What is the remainder when 528 is divided by 231?
66
Calculate the remainder when 310 is divided by 85.
55
What is the remainder when 150 is divided by 66?
18
Calculate the remainder when 35 is divided by 8.
3
Calculate the remainder when 7797 is divided by 150.
147
What is the remainder when 192 is divided by 20?
12
What is the remainder when 15 is divided by 6?
3
What is the remainder when 35 is divided by 1?
0
Calculate the remainder when 184 is divided by 59.
7
What is the remainder when 977 is divided by 28?
25
Calculate the remainder when 807 is divided by 29.
24
What is the remainder when 351 is divided by 59?
56
What is the remainder when 247 is divided by 31?
30
What is the remainder when 187 is divided by 98?
89
Calculate the remainder when 510 is divided by 7.
6
Calculate the remainder when 216 is divided by 38.
26
Calculate the remainder when 1643 is divided by 61.
57
What is the remainder when 1316 is divided by 190?
176
What is the remainder when 2170 is divided by 12?
10
Calculate the remainder when 2430 is divided by 76.
74
What is the remainder when 1745 is divided by 253?
227
Calculate the remainder when 475 is divided by 151.
22
What is the remainder when 317 is divided by 149?
19
Calculate the remainder when 480 is divided by 78.
12
Calculate the remainder when 438 is divided by 20.
18
What is the remainder when 16461 is divided by 12?
9
What is the remainder when 147 is divided by 12?
3
What is the remainder when 6075 is divided by 16?
11
What is the remainder when 697 is divided by 20?
17
Calculate the remainder when 250 is divided by 134.
116
Calculate the remainder when 580 is divided by 59.
49
What is the remainder when 303 is divided by 79?
66
What is the remainder when 4646 is divided by 83?
81
Calculate the remainder when 93 is divided by 32.
29
What is the remainder when 455 is divided by 7?
0
What is the remainder when 54 is divided by 11?
10
Calculate the remainder when 69 is divided by 9.
6
Calculate the remainder when 109 is divided by 6.
1
What is the remainder when 1135 is divided by 531?
73
What is the remainder when 355 is divided by 43?
11
What is the remainder when 70 is divided by 26?
18
Calculate the remainder when 402 is divided by 13.
12
Calculate the remainder when 359 is divided by 127.
105
Calculate the remainder when 11967 is divided by 19.
16
What is the remainder when 315 is divided by 1?
0
What is the remainder when 133 is divided by 75?
58
Calculate the remainder when 3317 is divided by 22.
17
Calculate the remainder when 2238 is divided by 57.
15
Calculate the remainder when 371 is divided by 366.
5
Calculate the remainder when 444 is divided by 85.
19
Calculate the remainder when 892 is divided by 70.
52
Calculate the remainder when 331 is divided by 23.
9
What is the remainder when 116 is divided by 11?
6
What is the remainder when 754 is divided by 19?
13
What is the remainder when 28 is divided by 4?
0
What is the remainder when 243 is divided by 47?
8
What is the remainder when 319 is divided by 108?
103
Calculate the remainder when 3761 is divided by 939.
5
Calculate the remainder when 11508 is divided by 9.
6
Calculate the remainder when 38 is divided by 10.
8
What is the remainder when 226 is divided by 57?
55
What is the remainder when 49 is divided by 37?
12
Calculate the remainder when 256 is divided by 53.
44
What is the remainder when 189 is divided by 186?
3
Calculate the remainder when 268 is divided by 25.
18
What is the remainder when 1045 is divided by 209?
0
Calculate the remainder when 2319 is divided by 106.
93
Calculate the remainder when 43683 is divided by 79.
75
What is the remainder when 10031 is divided by 27?
14
Calculate the remainder when 475 is divided by 67.
6
Calculate the remainder when 32 is divided by 7.
4
What is the remainder when 1037 is divided by 36?
29
What is the remainder when 103 is divided by 23?
11
Calculate the remainder when 347 is divided by 14.
11
Calculate the remainder when 195 is divided by 33.
30
What is the remainder when 928 is divided by 72?
64
What is the remainder when 668 is divided by 32?
28
Calculate the remainder when 214 is divided by 72.
70
What is the remainder when 23 is divided by 2?
1
What is the remainder when 50 is divided by 26?
24
What is the remainder when 205 is divided by 9?
7
Calculate the remainder when 500 is divided by 96.
20
Calculate the remainder when 668 is divided by 173.
149
What is the remainder when 1957 is divided by 22?
21
Calculate the remainder when 660 is divided by 398.
262
Calculate the remainder when 3186 is divided by 114.
108
Calculate the remainder when 2621 is divided by 81.
29
Calculate the remainder when 180 is divided by 107.
73
Calculate the remainder when 167 is divided by 86.
81
Calculate the remainder when 474 is divided by 19.
18
What is the remainder when 125 is divided by 79?
46
What is the remainder when 650 is divided by 13?
0
What is the remainder when 2147 is divided by 1057?
33
Calculate the remainder when 490 is divided by 55.
50
Calculate the remainder when 370 is divided by 96.
82
Calculate the remainder when 714 is divided by 258.
198
Calculate the remainder when 3381 is divided by 94.
91
Calculate the remainder when 229 is divided by 60.
49
What is the remainder when 1432 is divided by 180?
172
What is the remainder when 596 is divided by 121?
112
Calculate the remainder when 66 is divided by 13.
1
Calculate the remainder when 98 is divided by 22.
10
What is the remainder when 10554 is divided by 23?
20
What is the remainder when 66 is divided by 13?
1
What is the remainder when 122 is divided by 102?
20
Calculate the remainder when 175 is divided by 45.
40
Calculate the remainder when 2075 is divided by 29.
16
Calculate the remainder when 609 is divided by 37.
17
What is the remainder when 2828 is divided by 919?
71
Calculate the remainder when 26468 is divided by 8820.
8
What is the remainder when 1638 is divided by 275?
263
What is the remainder when 57 is divided by 15?
12
What is 